
Let m = -12421 + 12442. What is the greatest common factor of m and 1533?
21
Suppose 0 = 9*l - 410 - 130. Suppose r = 2*t - 54, 2*t + r + 10 = l. Calculate the greatest common divisor of t and 273.
13
Let k be -2*-1*15/10. Let w be (-4 - -1) + 4 + k. Suppose -x = -n + w*x + 24, 4*x - 34 = -3*n. Calculate the highest common divisor of n and 28.
14
Suppose 4*p - 27 + 19 = 0. Suppose -2*t + 50 - p = 4*v, v - 89 = -4*t. What is the greatest common factor of t and 11?
11
Let z be 14/(-28) + ((-27)/2)/(-3). Suppose z*c + 2*t - 10 = 0, -2*c - 4*t = c - 5. What is the greatest common divisor of 75 and c?
3
Let u be -10 + 5 + 16 - 4. Suppose -3*d + u*d - 428 = 5*q, 3*d - 348 = -3*q. What is the highest common factor of 7 and d?
7
Let g be 2100/1400*4*(-3182)/(-6). What is the highest common factor of 344 and g?
86
Suppose -17*r + 816 - 475 + 917 = 0. What is the highest common divisor of r and 1850?
74
Suppose -8*c = l - 6*c - 138, -572 = -4*l - 3*c. Let p = 196 - l. Calculate the greatest common factor of p and 25.
25
Let r be 701844/78 + (-7 - -1). What is the highest common factor of 32 and r?
32
Let m = -94 - -164. Let t(h) = -61*h**3 + h**2 + 2*h + 3. Let v be t(-1). Let n = m - v. Calculate the highest common factor of n and 7.
7
Suppose -5*c + 3*k + 324 = 0, 113 = -4*k + 101. Suppose 13 = 5*t - 7. Suppose 0 = -3*z + t*z - 21. What is the highest common factor of z and c?
21
Suppose -28*o + 45 = -43*o. Let r(q) = 4*q + 32. Let y be r(o). What is the greatest common divisor of y and 40?
20
Suppose 5*c = 2*h + 37 - 2, 4*c + 5 = -5*h. Let d be (-2)/c - (-156)/15. Let n be (d*(-9)/(-12))/(6/8). What is the highest common divisor of 4 and n?
2
Let n be 10*3/18 - (-422)/6. Let u = n - -10. What is the greatest common factor of 41 and u?
41
Let d(n) = -170*n + 3044. Let t be d(17). Calculate the highest common factor of t and 14.
14
Suppose -1427*q + 1430*q + 5*o = 6181, 2*q = 5*o + 4179. Calculate the highest common factor of 8 and q.
8
Suppose 0 = 54*f + 604 - 1070 - 776. What is the highest common divisor of f and 71?
1
Let q = -57 - -62. Let n(b) = 2 + 11 + 4*b + q. Let k be n(3). Calculate the greatest common factor of 6 and k.
6
Let y = -4380 - -4597. Calculate the greatest common factor of 248 and y.
31
Let x = 38 - 44. Let f be (2/x)/(4/(-120))*19. Let a = -102 + f. What is the greatest common divisor of 11 and a?
11
Suppose -6 = v - 18. Let u = 8 + -8. Suppose u = -7*g + 88 + 584. What is the highest common factor of g and v?
12
Suppose -9*t + 12*t = 0. Let o be -5 - (t - (-6 - -2)). Let y be (o/(-15))/((-564)/(-140) + -4). What is the highest common factor of y and 63?
21
Let f be 2/5*20/4 - -126. Suppose 0 = -5*z + f - 53. Let q = 21 - z. What is the greatest common divisor of 12 and q?
6
Let x = 18297 + -18230. Calculate the greatest common factor of 335 and x.
67
Let i = 884 + 1180. Calculate the greatest common divisor of i and 144.
48
Let a be 2130/60 + 15/(-6). What is the highest common factor of 9273 and a?
33
Let z be (-6 + -2)*(225/(-6))/3. What is the greatest common divisor of z and 40?
20
Suppose 12922*k - 75465 = 12877*k. Calculate the highest common factor of k and 39.
39
Let m(w) = -9*w - 2. Let q be m(-2). Let p = 989 + -540. Let b = -425 + p. What is the greatest common factor of q and b?
8
Let b = -163 + 168. Suppose b*c = 3*h - 5*h + 1235, -5*h - 1200 = -5*c. What is the greatest common divisor of 49 and c?
49
Let r(y) = 3*y**3 + 60*y**2 + y + 26. Let n be r(-20). Calculate the greatest common divisor of 183 and n.
3
Suppose 5*l + d + 2733 = 0, d - 1655 = 5*l + 1082. Let q = l + 573. What is the greatest common factor of q and 91?
13
Suppose 5*x + 816 = -b, 4*x + 640 = b - 5*b. Let f be (x/(-7))/(48/504). What is the highest common divisor of f and 6?
6
Let o(u) = u**2 + 37*u + 3. Let x be o(-37). Suppose 4*g = x*j - g - 43, 4*j - 3*g - 39 = 0. What is the highest common factor of j and 54?
6
Let n = 6156 - 6099. Calculate the highest common factor of n and 247.
19
Let x be (-4 - 0/(-1)) + -54 + 62. Suppose 30 = k - 4*t, -x*k + 3*t = 4*t - 35. Calculate the highest common divisor of k and 100.
10
Suppose v = 86 - 25. Suppose 27 = 2*k + g, -2*k + v = 3*k - 4*g. Suppose 3*l = -4*x - 2*l + 280, l = -x + 69. Calculate the highest common divisor of k and x.
13
Suppose 0*p - 912 = -4*w - 3*p, -4*p = 0. Suppose -4*i + 53 = 5. Calculate the highest common factor of i and w.
12
Let f be (2 - 2)/(-3) - -87. Suppose 752 - 1416 = -25*m + 2236. What is the greatest common factor of m and f?
29
Let i(x) = 5*x - 467. Let d(y) = 2. Let z(b) = 3*d(b) - i(b). Let k be z(0). What is the greatest common factor of 43 and k?
43
Let q = -2631 + 2670. Calculate the greatest common factor of 360 and q.
3
Let o(m) = 67*m - 37. Let f be o(10). Suppose -24*u + f = 177. What is the highest common factor of 133 and u?
19
Let h = -6897 + 7075. What is the highest common factor of 3827 and h?
89
Let i = 181 + -93. Let v be (-2)/(-2)*-6 - (-975)/25. Calculate the greatest common factor of v and i.
11
Let l = 14 - 9. Suppose k + 122*j = 118*j + 12, 16 = 5*k - 2*j. Suppose 36 = 2*m - k*x, -l*m = 5*x - 146 + 11. Calculate the highest common factor of 48 and m.
24
Suppose -13*p = -4*p - 9. Let j be 8/p + 36/6. Calculate the highest common factor of 518 and j.
14
Let h = -21745 + 21755. What is the greatest common divisor of 9995 and h?
5
Let f = -887 - -895. What is the highest common divisor of f and 104?
8
Let v = 529 + -525. Let y be (-132)/(-60)*((7 - v) + 2). Calculate the highest common factor of 11 and y.
11
Let r = 24 - 26. Let g be r + (14/21)/((-4)/(-174)). Suppose 0*d - d = -2*x + 75, 0 = -x - 4*d + 24. Calculate the greatest common divisor of g and x.
9
Let j be (70/(-45))/7 + 92/9. Suppose -184 = -57*x + 34*x. Calculate the greatest common factor of j and x.
2
Suppose 0 = -s + 2*x + 270, 14*s - 3*x = 15*s - 290. Calculate the greatest common factor of s and 2363.
139
Let r = -1076 - -1211. Calculate the highest common divisor of 21 and r.
3
Let b be (-6)/(-4)*(259/21 + -3). Suppose -50*l = -55*l + 140. Calculate the highest common divisor of b and l.
14
Let x(r) = 9*r**2 + 114*r + 109. Let p be x(-13). Calculate the greatest common factor of p and 1702.
74
Let l(o) = 33 + 14*o + 10*o + o**2 - 29*o. Let j be l(11). What is the highest common factor of j and 22?
11
Let i(b) = 28*b - 100. Let y(j) = 41*j - 114. Let f be y(3). Let c be i(f). Calculate the greatest common divisor of c and 40.
8
Let g(f) be the third derivative of 17*f**5/60 - 7*f**4/24 - 7*f**3/6 - 32*f**2. Let n be g(-1). Calculate the greatest common divisor of n and 289.
17
Suppose 82*a - 787978 = 109115 - 153763. What is the greatest common divisor of a and 49?
49
Let m = -146 + 185. Suppose -x = 3*a - m - 24, 5*x - 15 = 0. What is the greatest common factor of 70 and a?
10
Suppose -21265 + 33751 = 130*i - 71494. What is the greatest common factor of i and 57?
19
Let u = 15963 + -15781. What is the highest common factor of 322 and u?
14
Let d be 62/(-12)*2*(-227 + 224). Calculate the highest common divisor of d and 11873.
31
Let m(n) = 2*n**2 - 8*n + 4. Let a be m(4). Suppose -a*x + 32 = -172. Let b = 52 - x. What is the highest common factor of 2 and b?
1
Let s be (220/30 + 0)/(-2*(-2)/312). What is the greatest common divisor of s and 1404?
52
Let h = -43 - -35. Let k be (24/2)/((-12)/h). Suppose x - 3*s = 4*x - 48, -x + 16 = -s. Calculate the highest common factor of x and k.
8
Let i(k) = -15*k - 45. Let c be i(-4). Let z = c - -193. What is the highest common divisor of 26 and z?
26
Let b = 2392 - 2353. Let x(m) be the third derivative of -5*m**6/24 + m**5/30 - m**3/6 - m**2. Let w be x(-1). What is the greatest common factor of w and b?
13
Suppose -105 = -3*d - 36. Let b = 55 - 49. Let a be 11/(88/(-2208))*(-2)/b. Calculate the highest common factor of d and a.
23
Let m(x) = -8*x**2 + 2*x - 25. Let l be m(8). Let g = -494 - l. What is the highest common divisor of g and 216?
27
Let r(y) = -9*y**2 + 3*y - 19. Let z be r(5). Let l = -185 - z. What is the highest common divisor of 33 and l?
11
Let t be 2/(1/((117/(-6))/(-3))). Suppose 12*v = t*v - 41. Suppose 1 = 2*p - v. What is the greatest common divisor of p and 14?
7
Let o(w) = -41670*w + 41686*w - 3 + 3. Let h(r) = r*